 s(r) = -81*r + 663. Determine s(7).
96
Let f(h) = -h**3 + 10*h**2 + 10*h + 47. Determine f(11).
36
Let p(w) = -3*w**2 + 229*w - 737. Give p(75).
-437
Let r(b) = b**3 - 6*b**2 - 10*b - 18. What is r(8)?
30
Let f(v) = -54*v + 1083. Calculate f(20).
3
Let f(h) = 2181*h - 43641. Determine f(20).
-21
Let v(y) = -18*y - 303. Give v(-17).
3
Let y(s) = -s**3 - 97*s**2 - 1024*s - 345. Give y(-85).
-5
Let t(x) = -14*x**2 - 34*x + 93. Give t(-4).
5
Let l(i) = i**2 + 113*i - 705. Give l(6).
9
Let j(x) = -997*x - 365896. Give j(-367).
3
Let t(k) = k**2 - 32*k + 80. Give t(29).
-7
Let o(h) = -6*h**3 + 4*h**2 - 28*h + 50. Give o(2).
-38
Let r(n) = 55*n - 176. Give r(3).
-11
Let v(x) = -x**3 + 20*x**2 + 55*x - 1357. Give v(19).
49
Let u(n) = -5*n**2 - 160*n - 291. Calculate u(-30).
9
Let r(i) = i**3 + 7*i**2 + 18*i + 65. What is r(-6)?
-7
Let g(v) = 18*v**2 - 15*v - 2. Give g(-4).
346
Let v(x) = -97*x + 275. Determine v(3).
-16
Let m(g) = -3278*g - 22955. Calculate m(-7).
-9
Let i(l) = 3*l**2 + 2*l + 40. Calculate i(-8).
216
Let k(g) = g**2 - 103*g + 1011. Calculate k(92).
-1
Let z(q) = -2*q**3 + 21*q**2 + 178*q - 41. Determine z(16).
-9
Let o(k) = -k**3 - 4*k**2 - 32*k + 30. Give o(-7).
401
Let h(u) = u**3 + 15*u**2 + 57*u - 32. Determine h(-9).
-59
Let x(c) = -7*c**3 + 80*c**2 - 29*c + 44. What is x(11)?
88
Let i(l) = -2*l**3 - 6*l**2 - 127*l - 543. What is i(-4)?
-3
Let i(a) = 14*a - 45. Calculate i(6).
39
Let m(a) = a**3 - 10*a**2 - 42*a + 430. What is m(10)?
10
Let a(p) = 4*p**2 + 79*p - 25. Determine a(-22).
173
Let m(q) = -2*q**2 + 285*q - 9580. Determine m(88).
12
Let s(t) = t**3 - 14*t**2 - 16*t + 31. Determine s(15).
16
Let f(r) = r**3 + 9*r**2 - 1425*r - 2876. Determine f(-2).
2
Let a(b) = -b**3 - 18*b**2 + 47*b + 133. Give a(-20).
-7
Let v(f) = f**3 + 53*f**2 + 32*f - 1050. Give v(-52).
-10
Let o(f) = -7*f**2 + 154*f - 12. What is o(22)?
-12
Let r(i) = i**3 - 10*i**2 + 12*i - 250. What is r(11)?
3
Let a(y) = 982*y - 2892. Give a(3).
54
Let t(z) = -3*z + 26. What is t(11)?
-7
Let t(n) = -702*n + 2645. Determine t(4).
-163
Let x(f) = -3*f**2 + 21*f - 10. Give x(0).
-10
Let g(u) = u**2 + 66*u + 758. Determine g(-48).
-106
Let t(k) = 12*k**3 - 82*k**2 - 110*k - 18. Calculate t(8).
-2
Let m(w) = -w**2 - 566*w - 7739. What is m(-14)?
-11
Let h(x) = -2*x**3 + 67*x**2 + 34*x - 3. Determine h(34).
-3
Let g(z) = z**3 - 33*z**2 + 35*z - 107. Calculate g(32).
-11
Let q(w) = 27*w - 1600. Give q(44).
-412
Let t(b) = -25*b + 2478. Give t(99).
3
Let p(w) = 10*w**2 + 134*w - 197. Calculate p(-15).
43
Let k(j) = 13845*j - 55364. Determine k(4).
16
Let h(g) = 350*g + 1860. What is h(-5)?
110
Let d(c) = -93*c - 845. Give d(-9).
-8
Let h(q) = -q**3 + 6*q**2 + 13*q - 86. Calculate h(5).
4
Let a(w) = w**3 + 9*w**2 - 3*w + 230. Calculate a(-11).
21
Let r(x) = -x**3 - 2*x**2 - 39*x - 138. Give r(-6).
240
Let n(m) = 4*m**2 + 90*m + 136. Calculate n(-12).
-368
Let y(a) = -2*a - 32. Calculate y(-55).
78
Let j(g) = -153*g - 8425. Determine j(-55).
-10
Let y(r) = -9*r**2 - 234*r - 471. Calculate y(-2).
-39
Let f(g) = -8*g**3 + 13*g**2 - 7*g - 6. What is f(1)?
-8
Let i(u) = 284*u - 2273. Calculate i(8).
-1
Let p(u) = -u**3 + 16*u**2 + 33*u + 105. Give p(18).
51
Let f(a) = -2*a**3 - 4*a**2 + 4*a + 10. Calculate f(-3).
16
Let w(y) = 11*y + 494. Give w(-27).
197
Let b(y) = 2*y**2 - 43*y - 1636. Determine b(-20).
24
Let c(r) = -56*r - 2303. Give c(-41).
-7
Let y(a) = a**3 + 24*a**2 + 50*a + 11. Determine y(-21).
284
Let l(d) = -d**3 + 21*d**2 - 101*d - 9. Calculate l(13).
30
Let t(s) = -2*s**3 - 62*s**2 - 62*s - 47. Determine t(-30).
13
Let o(q) = 439*q + 1312. What is o(-3)?
-5
Let p(o) = -19*o + 907. Determine p(48).
-5
Let r(k) = -6*k**2 - 35*k - 29. Calculate r(-5).
-4
Let b(p) = p**2 + 7*p - 237. Calculate b(-19).
-9
Let v(w) = 3*w**2 + 14*w - 6. Give v(-5).
-1
Let d(c) = 2*c**2 + 853*c + 4218. Give d(-5).
3
Let t(a) = -127*a + 1775. Calculate t(14).
-3
Let k(s) = -13*s**2 + 96*s + 11. Calculate k(8).
-53
Let f(q) = 22*q + 203. Give f(15).
533
Let r(f) = f**3 + 144*f**2 - 472*f - 4553. Calculate r(-147).
4
Let c(v) = 13*v + 24. Determine c(15).
219
Let t(g) = 25*g - 188. Calculate t(8).
12
Let b(f) = -f**3 + 4*f**2 - 9*f + 75. Determine b(5).
5
Let x(b) = -b**3 + 23*b**2 - 104*b - 246. Give x(11).
62
Let j(k) = -2*k**3 + 47*k**2 - 20*k - 99. What is j(23)?
-30
Let h(j) = -3435*j + 8. What is h(0)?
8
Let a(q) = q**3 - 15*q**2 - 89. Determine a(15).
-89
Let a(n) = n**2 - 99*n - 597. Determine a(105).
33
Let f(k) = -k + 2. What is f(30)?
-28
Let b(m) = -m**3 - 39*m**2 + 78*m - 162. Calculate b(-41).
2
Let w(y) = -4*y**3 - 811*y**2 + 5875*y - 4. Calculate w(7).
10
Let h(g) = 16*g**3 - 120*g**2 + 62*g - 21. Calculate h(7).
21
Let y(p) = -12*p**2 + 464*p - 885. Determine y(2).
-5
Let z(n) = 395*n - 3947. Determine z(10).
3
Let d(i) = 2*i**3 + 10*i**2 + 43*i + 191. Calculate d(-5).
-24
Let m(f) = f**3 + 410*f**2 - 32*f - 13116. Give m(-410).
4
Let n(a) = -21*a**2 - 90*a + 3. Calculate n(-3).
84
Let l(u) = 669*u - 664. Give l(1).
5
Let m(b) = -2*b**2 + 19*b + 83. Give m(13).
-8
Let a(f) = -f**3 - 9*f**2 - 19*f - 91. Determine a(-8).
-3
Let y(q) = -8782*q + 483016. Determine y(55).
6
Let n(c) = -c**3 - 10*c**2 + 24*c + 331. Determine n(-7).
16
Let u(h) = 34*h**3 + 7*h**2 + 14*h + 2. What is u(-3)?
-895
Let o(a) = a**3 - 78*a**2 - 2*a + 167. Calculate o(78).
11
Let v(c) = 21*c - 865. Calculate v(37).
-88
Let f(r) = 19846*r + 39703. Give f(-2).
11
Let j(k) = -14*k**2 + 18*k - 23. Determine j(1).
-19
Let h(u) = 2*u**3 - 10*u + 24. Give h(-3).
0
Let n(x) = x**3 - 127*x**2 - 3111*x + 437. Give n(148).
-7
Let y(l) = -l**2 - 405*l - 35908. Calculate y(-131).
-14
Let q(f) = 16*f + 204. Give q(-28).
-244
Let g(z) = -8*z**2 + 65*z - 60. Calculate g(6).
42
Let x(h) = -h**2 + 105*h - 583. Calculate x(99).
11
Let k(t) = 2*t**3 + 9*t**2 + 268*t + 773. What is k(-3)?
-4
Let a(k) = -11*k**2 + 374*k + 138. What is a(35)?
-247
Let u(w) = -w**3 + 12*w**2 + 21*w - 125. What is u(13)?
-21
Let z(u) = 75*u + 285. Give z(-4).
-15
Let k(w) = w**2 + 49*w - 458. What is k(0)?
-458
Let o(k) = -8034*k + 249041. Give o(31).
-13
Let a(i) = -2*i**3 + 85*i**2 - 41*i - 9. Determine a(42).
33
Let d(q) = -4*q**2 - 725*q + 723. Give d(1).
-6
Let g(d) = -2*d**2 + 93*d + 1544. Determine g(-13).
-3
Let g(x) = 2*x**3 - 273*x**2 + 140*x - 536. Calculate g(136).
8
Let q(j) = 2*j**2 - 53*j - 257. Determine q(-5).
58
Let o(t) = 9*t + 234. Determine o(-35).
-81
Let h(z) = -z**3 + z**2 + 36*z + 6. Calculate h(0).
6
Let d(n) = n**2 - 47*n - 311. Calculate d(-6).
7
Let d(s) = 15*s**2 + 703*s - 6588. Calculate d(8).
-4
Let y(r) = -5*r**2 - 284*r - 3376. Determine y(-40).
-16
Let w(q) = 500*q - 33501. Calculate w(67).
-1
Let f(g) = -120*g - 2034. What is f(-17)?
6
Let r(f) = 332*f - 670. What is r(2)?
-6
Let l(f) = -f**3 - 7*f**2 + 4*f - 26. What is l(-9)?
100
Let o(m) = m**3 - 5*m**2 - 26*m + 86. Give o(3).
-10
Let v(w) = 9685*w + 48432. What is v(-5)?
7
Let h(u) = 5*u**2 + 197*u + 107. Determine h(-39).
29
Let t(p) = -2*p**2 + 218*p + 1133. Determine t(114).
-7
Let x(n) = 5*n**2 - 411*n - 2087. Give x(-5).
93
Let v(m) = -96*m**2 + 389*m - 8. What is v(4)?
12
Let v(l) = l**3 + 31*l**2 + 62*l - 974. Calculate v(-8).
2
Let x(s) = -63*s - 3529. Give x(-61).
314
Let q(v) = 2*v + 51. Calculate q(-26).
-1
Let g(r) = -2*r**3 + 21*r**2 - 57*r + 362. What is g(10)?
-108
Let t(v) = v**2 + 26*v - 1523. What is t(-54)?
-11
Let z(k) = -k**2 - 282*k + 2534. What is z(9)?
-85
Let m(d) = d**2 + 300*d - 3287. Give m(11).
134
Let i(c) = 3*c**2 + 19*c - 29. Calculate i(-7).
-15
Let m(j) = 3733*j - 7474. What is m(2)?
-8
Let j(y) = -2*y**3 + 3*y**2 + 16*y - 75. Calculate j(0).
-75
Let j(n) = -54*n**2 - 8*n + 2. Calculate j(-1).
-44
Let r(v) = 47*v + 363. Give r(-6).
81
Let t(d) = 179*d - 3221. Give t(18).
1
Let o(w) = 2*w**3 + 576*w**2 + 6634*w + 119. What is o(-12)?
-1
Let l(v) = -751*v + 297. Calculate l(1).
-454
Let o(f) = -23*f - 14. What is o(1)?
-37
Let o(q) = 120*q**2 + 24601*q + 185. Give o(-205).
-20
Let p(i) = -7*i + 193. Calculate p(65).
-262
Let g(q) = 2*q**2 + 22. Give g(-8).
150
Let l(a) = -a**3 + 13*a**2 - 9. Calculate l(13).
-9
Let v(m) = 76*m - 462. Give v(3).
-234
Let i(r) = 2*r**3 - 7*r**2 + 32*r - 74. What is i(4)?
70
Let r(b) =